438 is divided by y?
178
Suppose -402 = -5*v + 618. Suppose 3*y = -c + 106, -347*c + 228 = -343*c - 2*y. Calculate the remainder when v is divided by c.
12
Let f = -49 - -340. Let u = 324 - f. What is the remainder when 115 is divided by u?
16
Let j = 73 + -44. Let i(u) = 6*u + 64. Let a be i(-19). Calculate the remainder when 2/(-10) + (-7710)/a + -12 is divided by j.
26
Let v = 3045 + -3029. What is the remainder when 109 is divided by v?
13
Let m = 2766 - 2737. What is the remainder when 217 is divided by m?
14
Suppose -3*m - 2*m + 30 = -3*j, -3*m + j + 14 = 0. Suppose -10*k + 182 = m*k. Calculate the remainder when 81 is divided by k.
11
Suppose 5 = 3*d - r, -3*r + 4 = -4*d + 14. Let v = 9 + 14. What is the remainder when (3/(-2))/(d*(-6)/444) is divided by v?
19
Let w(z) = -3*z**2 + 302*z - 422. What is the remainder when w(97) is divided by 129?
0
Suppose 2*t - 604 = -4*x, 15*t - 4*x = 15*t. What is the remainder when t is divided by 82?
56
Suppose 7*b = 4*b + 183. Let i(d) = 5*d - 183. Calculate the remainder when b is divided by i(41).
17
Let v(r) = -2*r**2 + 15*r - 27. Let t be v(3). Suppose 0 = 2*p + 5*f - 228, -p + 5*f + 181 - 52 = t. What is the remainder when p is divided by 4?
3
Calculate the remainder when 52 is divided by -1 + 1*(34 - (-4)/((-8)/4)).
21
Suppose 5*s + 539 = 3*r, -2*r - s + 44 = -298. What is the remainder when 1031 is divided by r?
166
What is the remainder when 10/165 - (-515801)/363 is divided by 706?
9
Let l(o) = 8*o**2 - 24*o - 379. Calculate the remainder when l(-10) is divided by 212.
25
Let h(f) = 89*f + 1396. Calculate the remainder when 5611 is divided by h(-15).
60
Let v(o) = -o**3 - 9*o**2 + 3. Let d be v(-9). Suppose d*j - 20 = -j. Suppose 2*w + 72 = j*w. Calculate the remainder when 69 is divided by w.
21
Let f(q) = 57*q + 3. Let g(m) = -m**3 - 87*m**2 - 55*m + 2684. What is the remainder when f(4) is divided by g(-86)?
15
Let d(n) be the third derivative of -n**5/60 + 19*n**4/24 - 5*n**3/2 - 8*n**2. Calculate the remainder when 34 is divided by d(17).
15
Let a be (-2)/(-9) + 79/9. Let k = a + 8. Calculate the remainder when 57 - (4 + -3) - 261/(-29) is divided by k.
14
Let x(t) = 5*t**2 + t + 1. Let m be (20 - 16)*(-5)/(-2). Suppose 0 = -12*s + m*s + 26. Calculate the remainder when s is divided by x(-1).
3
Let s = 201 - 185. Suppose 18*g - s*g + 95 = 5*z, -10 = -2*g. What is the remainder when z is divided by 10?
1
Let z = -4 + 3. Let g(c) = -551*c - 3306. Let n be g(-6). Calculate the remainder when 224 is divided by (n + z/(-2))*30.
14
Let o be 398/18 + 6/(-54). Let v = o - -34. Suppose 2*y - v = 2*x, 0 = -y + 5*y - 2*x - 120. What is the remainder when y is divided by 2?
0
Let m(b) = b**3 + 27*b**2 - 45*b - 162. What is the remainder when m(-28) is divided by 13?
2
Let g = 173 - 166. Suppose 7*t = -g*t + 294. Calculate the remainder when 40 is divided by t.
19
What is the remainder when 9321 is divided by 288222/2442 - (-1)/(-37)?
117
Suppose -249*b + 254*b = 4*r - 18, -3*b + 4 = 5*r. Calculate the remainder when 1769 is divided by r.
1
Suppose 2*t + 6*t = -16. Let n(d) = -d**2 + 6*d + 5. Let c be n(6). Let g = c - t. Calculate the remainder when 32 is divided by g.
4
Let q(b) = b**3 - 5*b**2 + 7*b - 14. Suppose 4*z + 2*s - 16 = 0, 3*z + 4*s - 13 = 3*s. Calculate the remainder when q(z) is divided by 19.
2
What is the remainder when 868 is divided by ((-1 - 0)*(20 - 24))/(-2) + 75?
65
Let w be (-118 + 124)*(-421)/2. Let q = 1271 + w. Let l(j) = -j**3 + 7*j**2 - 4*j - 7. What is the remainder when l(5) is divided by q?
7
What is the remainder when (-34)/((-14)/(-6)*2/(-7)) is divided by (-106)/(-4) + (-4)/8?
25
Let t = 6083 + -5887. What is the remainder when t is divided by 48?
4
Let c be 3/(3*(-3)/(-906)). Let u = -294 + c. What is the remainder when u is divided by 2?
0
Let v(p) = p**3 + 8*p**2 - 23*p - 640. Calculate the remainder when 4240 is divided by v(11).
22
Let a(q) = 9*q**2 + 5*q - 23. Let u be a(12). Suppose -4046 = -5*z - 2*z. Suppose -7*c = -u - z. What is the remainder when c is divided by 46?
43
Let c(k) = -k**3 - 6*k**2 + 5*k + 6. Let h be c(-7). Suppose 0*y - 10*y + h = 0. What is the remainder when y is divided by 1?
0
Suppose -2*k = 3*j - 40, 60 = -4*k + j + 168. Suppose -21*t + k*t = -2*z + 1150, -2*z - 446 = -2*t. Calculate the remainder when t is divided by 10.
8
Let c(o) = o**3 - 35*o**2 + 242*o - 13. What is the remainder when c(28) is divided by 142?
139
Let k be ((-6)/5)/(0 - (-24)/(-80)). Suppose -4*d - 2*f - 15 = -53, 5*d - 67 = k*f. What is the remainder when 43 is divided by d?
10
What is the remainder when 1183 is divided by 25/(-20)*4*(4 - 5)?
3
Let q = -3006 + 3167. What is the remainder when q is divided by 134?
27
Suppose 2*k = 2*l + 95 + 155, -l = -5*k + 629. Suppose 5*h = 49 + k. Suppose -404 + 1240 = 14*n + 62*n. What is the remainder when h is divided by n?
2
Let t = 18 + -22. Let w(m) = 0 - 82*m**2 - 2 + 86*m**2. What is the remainder when w(t) is divided by 13?
10
Let o(r) = 56*r**3 + 2*r**2 + 3*r + 1. Let i = 98 + -99. Let m be o(i). Calculate the remainder when 86 is divided by (10/(-16) - -1) + (-1715)/m.
24
Suppose -4*z = -3*t, 6*z = 3*t + 9*z + 21. Calculate the remainder when 196 is divided by (720/(-24))/(2/t).
16
Let d = 26243 - 26229. Calculate the remainder when 11885 is divided by d.
13
Let c(g) = -g**2 - 19*g + 3. What is the remainder when c(-8) is divided by (10 - -2) + (5 - 1)?
11
Suppose 3*t = -5*g + 149, -t = -0*g - 5*g - 43. What is the remainder when t is divided by -10 + (10*-14)/(-4)?
23
Suppose -20*l + 3274 = -16*l - r, -1638 = -2*l + r. Calculate the remainder when l is divided by 41.
39
Calculate the remainder when -2167*(-2)/5 + (1292/85 - 16) is divided by 145.
141
Suppose 448 - 152 = 27*o - 406. Calculate the remainder when 1 + -4 + 177 + 6 is divided by o.
24
Let d = 172 + -113. Suppose 26 = d*y - 57*y. Calculate the remainder when 21 is divided by y.
8
Suppose -5*n - 2*d + 0*d = 38, -2*d - 8 = 0. Calculate the remainder when 51 is divided by 35 + ((-70)/(-42))/(2/n).
21
Let c(d) = -356*d - 3786. What is the remainder when c(-20) is divided by 6?
4
Suppose -m = 4*w + 14, 74 = -4*m - 2*w - 10. Let j = 0 - m. Let g(h) = 2*h**2 + 5*h - 44. What is the remainder when j is divided by g(4)?
6
Let o = -18 + 120. Let u = 204 - o. Calculate the remainder when u is divided by 26.
24
Let d = -21262 - -21302. Calculate the remainder when 535 is divided by d.
15
Let l = 242 - -78. Suppose 5*a = -0*a + l. Let o = -39 + a. Calculate the remainder when o is divided by 16.
9
Let c(t) = 2*t**3 - 4*t**2 + t + 3. Suppose -1773*x + 603*x + 22563 = 1337*x. What is the remainder when c(3) is divided by x?
6
Let i = -227 + 397. Let r = 175 - i. Calculate the remainder when 22 is divided by r.
2
Let u(k) = 8*k**2 - 7*k - 27. Let f(y) = -7*y**2 + 6*y + 28. Let i(v) = -3*f(v) - 2*u(v). What is the remainder when i(-4) is divided by 3?
0
Suppose 385 = 8*k + 97. Let m be 9/(k/368) - 4. Suppose -55*h + 53*h + m = 0. Calculate the remainder when h is divided by 23.
21
Suppose -2*g = -7*g + 720. What is the remainder when g is divided by (-11)/(66/10)*(-441)/35?
18
Suppose 23*w = 26*w - 390. Suppose 10*t = 12*t - w. Let a = t + -53. What is the remainder when 44 is divided by a?
8
Suppose 0 = 58*z + 2765 - 8449. What is the remainder when z is divided by 60?
38
Suppose -5*o = -3*h + 18, o - 10 = -5*h - 36. Let i = o - -8. Suppose -4*d = -2*a + 172, 3*d - i*d - 177 = -2*a. What is the remainder when a is divided by 9?
7
Suppose -131 = -4*t + l, 5*t - l - 154 = 10*l. Calculate the remainder when 219 is divided by t.
21
Suppose 24*n - 1242 = 6*n. Suppose 13*l - n = 295. Calculate the remainder when 138 is divided by l.
26
Let i be (-1 + -3)*13/2. Let f = i + 69. Calculate the remainder when f is divided by (-156)/(-8)*(-2 + (-30)/(-9)).
17
Let t = -17122 - -17194. What is the remainder when 2586 is divided by t?
66
Let l be ((-215)/(-43))/((-5)/(-154)). Suppose 3*m - 113 = 4*o, 4*m + o - 22 - l = 0. Calculate the remainder when 160 is divided by m.
31
Suppose 2*g + 3*z = 7, -5*z + 0 + 5 = 0. Suppose 62 - 5 = 3*m. Suppose -14*h + m*h = 35. What is the remainder when h is divided by g?
1
Let l be (-1 - (-10)/6)/(7/861). Suppose 2*d - 3*d + l = 4*f, 5*d - 74